Calculate the greatest common divisor of 96 and 13600.
32
What is the greatest common factor of 214270 and 1050?
70
Calculate the highest common factor of 624935 and 10.
5
Calculate the greatest common factor of 737 and 670.
67
Calculate the greatest common divisor of 427 and 748531.
427
Calculate the greatest common divisor of 14 and 4548572.
14
Calculate the greatest common divisor of 287 and 1161776.
287
What is the greatest common factor of 253499 and 159?
53
Calculate the highest common divisor of 790 and 160.
10
Calculate the highest common factor of 1700 and 160.
20
Calculate the highest common divisor of 805312 and 400.
16
What is the greatest common factor of 196 and 1851710?
98
What is the greatest common factor of 261072 and 196?
196
Calculate the greatest common divisor of 483 and 624243.
69
What is the greatest common divisor of 42081 and 208?
13
What is the highest common divisor of 29 and 923737?
29
What is the highest common factor of 116 and 21286?
58
What is the greatest common divisor of 11175 and 12525?
75
Calculate the highest common factor of 87962 and 28.
14
What is the highest common factor of 13348 and 1988?
284
What is the greatest common divisor of 240 and 1874130?
30
Calculate the greatest common factor of 48 and 976.
16
Calculate the highest common factor of 48928 and 66.
22
What is the highest common divisor of 5 and 58385?
5
What is the highest common divisor of 4802 and 392?
98
Calculate the highest common divisor of 535785 and 1035.
345
Calculate the greatest common divisor of 32151 and 63.
21
Calculate the highest common factor of 6050 and 1350.
50
Calculate the highest common factor of 6480 and 49464.
216
Calculate the highest common divisor of 207 and 429617.
23
Calculate the greatest common divisor of 3852 and 5236794.
1926
Calculate the highest common divisor of 4605 and 2025.
15
What is the greatest common divisor of 32424 and 2184?
168
Calculate the greatest common factor of 12 and 509682.
6
Calculate the greatest common factor of 6960 and 11890.
290
Calculate the greatest common factor of 15690 and 27.
3
Calculate the greatest common factor of 2219 and 616.
7
What is the highest common divisor of 2 and 16836?
2
Calculate the greatest common factor of 93 and 19003.
31
What is the highest common factor of 1266 and 349838?
422
What is the greatest common factor of 28152 and 846?
18
What is the greatest common divisor of 196226 and 82?
82
Calculate the greatest common factor of 21280 and 176.
16
Calculate the greatest common factor of 184 and 7751.
23
Calculate the greatest common factor of 219501 and 9.
9
What is the greatest common divisor of 15097 and 155?
31
What is the highest common factor of 16000 and 240?
80
What is the greatest common divisor of 893984 and 416?
416
Calculate the highest common factor of 110 and 7720.
10
Calculate the highest common factor of 15 and 2506665.
15
Calculate the highest common factor of 416 and 82976.
32
Calculate the highest common factor of 157940 and 40280.
1060
Calculate the highest common factor of 390 and 166.
2
Calculate the highest common factor of 108 and 9018.
54
Calculate the greatest common factor of 240 and 16808.
8
What is the highest common factor of 72 and 60856?
8
What is the greatest common factor of 260 and 8023340?
260
What is the greatest common factor of 1190 and 629034?
238
Calculate the greatest common divisor of 15006 and 2829.
123
Calculate the greatest common factor of 282751 and 1953.
217
What is the highest common factor of 84770 and 5?
5
What is the greatest common divisor of 5 and 96335?
5
What is the highest common divisor of 187 and 24002?
11
What is the greatest common divisor of 1938 and 1386996?
102
Calculate the highest common factor of 2701808 and 16.
16
What is the highest common factor of 358 and 91111?
179
What is the highest common factor of 7042 and 98?
14
Calculate the greatest common factor of 9481 and 434629.
499
Calculate the greatest common factor of 15713 and 55409.
827
Calculate the highest common divisor of 1027 and 146549.
13
Calculate the highest common factor of 33 and 8739687.
33
Calculate the highest common divisor of 2340 and 21580.
260
What is the greatest common divisor of 4224 and 4710816?
1056
Calculate the highest common divisor of 10640 and 5168.
304
Calculate the highest common factor of 7425786 and 1884.
942
What is the highest common divisor of 1809020 and 580?
580
Calculate the highest common divisor of 357 and 5.
1
What is the greatest common factor of 468 and 3258?
18
Calculate the highest common factor of 784 and 7504.
112
Calculate the greatest common divisor of 180260 and 20.
20
Calculate the greatest common factor of 29884 and 7750.
62
Calculate the greatest common factor of 3836 and 245.
7
What is the greatest common factor of 179 and 1391?
1
Calculate the highest common factor of 4256 and 84.
28
Calculate the greatest common factor of 105697 and 38.
19
Calculate the highest common divisor of 6628 and 28.
4
What is the highest common factor of 3507628 and 76?
76
Calculate the greatest common divisor of 612 and 3792.
12
What is the highest common factor of 72 and 2062344?
24
What is the highest common divisor of 336471 and 1311?
57
Calculate the highest common factor of 166800 and 50.
50
What is the highest common divisor of 146768 and 512?
16
Calculate the greatest common factor of 26474 and 488.
122
Calculate the greatest common divisor of 101017 and 7.
7
What is the greatest common factor of 13192 and 17266?
194
What is the highest common factor of 270074 and 2828?
1414
Calculate the greatest common factor of 357 and 11373.
51
What is the greatest common factor of 152 and 16208?
8
Calculate the highest common divisor of 41 and 122959.
41
What is the highest common factor of 26 and 17758?
26
What is the greatest common divisor of 2 and 51151?
1
Calculate the highest common divisor of 29910 and 90.
30
What is the highest common factor of 66 and 236038?
22
Calculate the highest common divisor of 530 and 130645.
265
Calculate the highest common divisor of 8830 and 80.
10
What is the highest common factor of 3943456 and 11?
11
What is the highest common factor of 69 and 8142?
69
What is the greatest common divisor of 745420 and 122?
122
Calculate the highest common factor of 1110 and 240.
30
Calculate the highest common divisor of 20815 and 25.
5
What is the greatest common divisor of 138925 and 125?
25
Calculate the greatest common divisor of 768415 and 939.
313
Calculate the greatest common divisor of 3492 and 65572.
388
What is the greatest common factor of 4 and 4470?
2
Calculate the highest common divisor of 6954 and 4327706.
2318
Calculate the greatest common divisor of 10 and 1427990.
10
Calculate the highest common factor of 42868 and 42.
14
What is the greatest common factor of 4918 and 1336?
2
What is the highest common divisor of 44926 and 112?
14
What is the greatest common divisor of 58006 and 4186?
598
Calculate the greatest common divisor of 3146 and 152702.
242
Calculate the greatest common divisor of 110327 and 70.
7
Calculate the greatest common divisor of 34009 and 142.
71
What is the greatest common factor of 157 and 301597?
157
Calculate the highest common divisor of 176134 and 23.
23
What is the greatest common factor of 14583 and 147?
3
What is the greatest common factor of 225 and 37175?
25
Calculate the highest common divisor of 5296 and 587194.
662
What is the greatest common factor of 6 and 40600?
2
Calculate the highest common factor of 1100 and 9700.
100
Calculate the greatest common factor of 3262 and 1246.
14
What is the highest common divisor of 545 and 20819?
109
Calculate the greatest common divisor of 2734615 and 65.
65
What is the highest common factor of 259 and 776297?
37
Calculate the highest common divisor of 565 and 200801.
113
Calculate the greatest common divisor of 3422 and 3.
1
What is the highest common factor of 217245 and 105?
105
What is the greatest common divisor of 2130 and 290?
10
What is the greatest common divisor of 2772701 and 668?
167
Calculate the highest common factor of 93990 and 312.
78
What is the highest common divisor of 203077 and 175?
7
Calculate the highest common divisor of 274113 and 57.
57
What is the highest common factor of